{"id":19,"date":"2013-04-09T20:43:53","date_gmt":"2013-04-09T18:43:53","guid":{"rendered":"http:\/\/www.christophbeer.de\/data\/dpsg\/stamm\/?page_id=19"},"modified":"2024-05-17T08:08:43","modified_gmt":"2024-05-17T06:08:43","slug":"rover","status":"publish","type":"page","link":"https:\/\/www.christophbeer.de\/data\/dpsg\/stamm_02\/stufen-gruppen\/rover\/","title":{"rendered":"Rover"},"content":{"rendered":"<p><span style=\"color: #ff0000;\"><strong><img loading=\"lazy\" decoding=\"async\" class=\"size-medium wp-image-213 alignright\" src=\"http:\/\/www.christophbeer.de\/data\/dpsg\/stamm_02\/wp-content\/uploads\/2013\/04\/rover-300x59.gif\" alt=\"\" width=\"300\" height=\"59\" srcset=\"https:\/\/www.christophbeer.de\/data\/dpsg\/stamm_02\/wp-content\/uploads\/2013\/04\/rover-300x59.gif 300w, https:\/\/www.christophbeer.de\/data\/dpsg\/stamm_02\/wp-content\/uploads\/2013\/04\/rover-768x151.gif 768w\" sizes=\"auto, (max-width: 300px) 100vw, 300px\" \/><\/strong><\/span><\/p>\n<p><span style=\"color: #000000;\"><strong><em>&#8222;<\/em><\/strong><strong><em>Mit Rovertum meine ich nicht zielloses Wandern, ich meine damit, euren Weg auf frohem Pfade mit einem bestimmten Ziel im Auge zu finden und eine Vorstellung von den Schwierigkeiten und Gefahren zu haben, denen ihr wahrscheinlich auf dem Wege begegnen werdet.&#8220;<\/em><\/strong><\/span><\/p>\n<p><img loading=\"lazy\" decoding=\"async\" class=\"aligncenter wp-image-2394 size-large\" src=\"http:\/\/www.christophbeer.de\/data\/dpsg\/stamm_02\/wp-content\/uploads\/2013\/04\/Foto-08.05.24-18-38-22-1024x768.jpg\" alt=\"\" width=\"610\" height=\"458\" srcset=\"https:\/\/www.christophbeer.de\/data\/dpsg\/stamm_02\/wp-content\/uploads\/2013\/04\/Foto-08.05.24-18-38-22-1024x768.jpg 1024w, https:\/\/www.christophbeer.de\/data\/dpsg\/stamm_02\/wp-content\/uploads\/2013\/04\/Foto-08.05.24-18-38-22-300x225.jpg 300w, https:\/\/www.christophbeer.de\/data\/dpsg\/stamm_02\/wp-content\/uploads\/2013\/04\/Foto-08.05.24-18-38-22-768x576.jpg 768w\" sizes=\"auto, (max-width: 610px) 100vw, 610px\" \/><\/p>\n<p style=\"text-align: center;\"><span style=\"color: #000000;\">Das verstand Baden Powell 1922 unter Rovertum, als er sein Buch &#8222;Rovering to Success&#8220; (engl. Gl\u00fcck auf die Lebensfahrt) schrieb und damit den Grundstein f\u00fcr die Roverstufe legte.<\/span><\/p>\n<p align=\"center\"><span style=\"color: #000000;\">Unterwegs sein &#8211; Rover in der DPSG<\/span><\/p>\n<p align=\"center\"><span style=\"color: #000000;\">Rover sind junge M\u00e4nner und Frauen im Alter von 16 &#8211; 21 Jahren. Junge Erwachsene setzen sich mit sich selbst, ihrer eigenen Entwicklung und ihrer sozialen Umwelt auseinander. Sie besch\u00e4ftigen sich mit Fragen und Problemen, die sich aus Schule und Arbeitswelt, Freundschaft, Liebe und Konsum ergeben. Sie setzen sich mit Werten, Normen und Ideologien auseinander. Es ist wichtig, einen eigenen Standpunkt zu finden, ideologische Auseinandersetzungen und Autorit\u00e4tskonflikte auszuhalten, F\u00fchrung auszuprobieren und Verantwortung \u00fcbernehmen zu k\u00f6nnen. Es entstehen langfristige Lebensentw\u00fcrfe, die auf vollst\u00e4ndige Selbstst\u00e4ndigkeit zielen.<\/span><\/p>\n<p align=\"center\"><span style=\"color: #000000;\">So will der Verband in der Roverstufe ein gemeinsames Leben und Lernen von Jugendlichen und Erwachsenen erm\u00f6glichen und f\u00f6rdern. Die Roverrunde sollte zu einem Lebensort werden, dessen Kennzeichen ein verl\u00e4sslicher R\u00fcckhalt, lebensbejahende Orientierung und die Chance zum selbstverantworteten und erfolgreichen Handeln sind. Durch eindrucksvolles Tun und aufmerksame Reflexion entstehen Situationen, in denen ein offenes Fragen nach verantwortlichem Leben, nach Glaube und zukunftsorientiertem Handeln seinen Platz hat.<\/span><\/p>\n","protected":false},"excerpt":{"rendered":"<p>&#8222;Mit Rovertum meine ich nicht zielloses Wandern, ich meine damit, euren Weg auf frohem Pfade mit einem bestimmten Ziel im Auge zu finden und eine Vorstellung von den Schwierigkeiten und Gefahren zu haben, denen ihr wahrscheinlich auf dem Wege begegnen werdet.&#8220; Das verstand Baden Powell 1922 unter Rovertum, als er sein Buch &#8222;Rovering to Success&#8220; [&hellip;]<\/p>\n","protected":false},"author":2,"featured_media":0,"parent":10,"menu_order":24,"comment_status":"closed","ping_status":"closed","template":"","meta":{"footnotes":""},"class_list":["post-19","page","type-page","status-publish","hentry"],"_links":{"self":[{"href":"https:\/\/www.christophbeer.de\/data\/dpsg\/stamm_02\/wp-json\/wp\/v2\/pages\/19","targetHints":{"allow":["GET"]}}],"collection":[{"href":"https:\/\/www.christophbeer.de\/data\/dpsg\/stamm_02\/wp-json\/wp\/v2\/pages"}],"about":[{"href":"https:\/\/www.christophbeer.de\/data\/dpsg\/stamm_02\/wp-json\/wp\/v2\/types\/page"}],"author":[{"embeddable":true,"href":"https:\/\/www.christophbeer.de\/data\/dpsg\/stamm_02\/wp-json\/wp\/v2\/users\/2"}],"replies":[{"embeddable":true,"href":"https:\/\/www.christophbeer.de\/data\/dpsg\/stamm_02\/wp-json\/wp\/v2\/comments?post=19"}],"version-history":[{"count":10,"href":"https:\/\/www.christophbeer.de\/data\/dpsg\/stamm_02\/wp-json\/wp\/v2\/pages\/19\/revisions"}],"predecessor-version":[{"id":2403,"href":"https:\/\/www.christophbeer.de\/data\/dpsg\/stamm_02\/wp-json\/wp\/v2\/pages\/19\/revisions\/2403"}],"up":[{"embeddable":true,"href":"https:\/\/www.christophbeer.de\/data\/dpsg\/stamm_02\/wp-json\/wp\/v2\/pages\/10"}],"wp:attachment":[{"href":"https:\/\/www.christophbeer.de\/data\/dpsg\/stamm_02\/wp-json\/wp\/v2\/media?parent=19"}],"curies":[{"name":"wp","href":"https:\/\/api.w.org\/{rel}","templated":true}]}}