{"id":254,"date":"2013-04-21T21:29:19","date_gmt":"2013-04-21T19:29:19","guid":{"rendered":"http:\/\/www.christophbeer.de\/data\/dpsg\/stamm\/?page_id=254"},"modified":"2026-01-05T20:42:00","modified_gmt":"2026-01-05T19:42:00","slug":"links-downloads","status":"publish","type":"page","link":"https:\/\/www.christophbeer.de\/data\/dpsg\/stamm_02\/links-downloads\/","title":{"rendered":"Links | Downloads"},"content":{"rendered":"<h2>N\u00fctzliche Downloads:<\/h2>\n<p><a href=\"http:\/\/www.christophbeer.de\/data\/dpsg\/stamm_02\/wp-content\/uploads\/2013\/04\/DER-Lagerpackzettel1.pdf\" target=\"_blank\" rel=\"noopener noreferrer\">DER Lagerpackzettel<\/a>\u00a0&#8211; Packliste f\u00fcr&#8217;s Zeltlager und wandelbar nat\u00fcrlich auch f\u00fcr&#8217;s H\u00fcttenwochenende<\/p>\n<p><a href=\"http:\/\/www.christophbeer.de\/data\/dpsg\/stamm_02\/wp-content\/uploads\/2013\/04\/2023-01-Aufnahmeantrag-DPSG-Stamm-Windischeschenbach.pdf\" target=\"_blank\" rel=\"noopener noreferrer\">Aufnahmeantrag<\/a><\/p>\n<p><a href=\"http:\/\/www.christophbeer.de\/data\/dpsg\/stamm_02\/wp-content\/uploads\/2013\/04\/2023-01-Schnupperanmeldung.pdf\" target=\"_blank\" rel=\"noopener noreferrer\">Schnupperanmeldung<\/a><\/p>\n<p><a href=\"http:\/\/www.christophbeer.de\/data\/dpsg\/stamm_02\/wp-content\/uploads\/2013\/04\/Kluft.pdf\" target=\"_blank\" rel=\"noopener noreferrer\">Abzeichen und Kluft<\/a>\u00a0&#8211; Was kommt wohin auf die Kluft?<\/p>\n<p>&nbsp;<\/p>\n<h2>Unser Bezirk &#8211; einer von sechs im <a href=\"http:\/\/www.dpsg-regensburg.de\/\" target=\"_blank\" rel=\"noopener noreferrer\">Di\u00f6zesanverband Regensburg\u00a0der DPSG<\/a>:<\/h2>\n<p><a href=\"http:\/\/www.dpsg-burgenbezirk.de\/\" target=\"_blank\" rel=\"noopener noreferrer\">DPSG\u00a0Burgenbezirk<\/a><\/p>\n<h3>Mit seinen St\u00e4mmen:<\/h3>\n<p><a href=\"http:\/\/www.pfadfinder-neuhaus.de\/\" target=\"_blank\" rel=\"noopener noreferrer\">DPSG Neuhaus<\/a><\/p>\n<p><a href=\"http:\/\/www.pfadfinder-weiden.com\/\" target=\"_blank\" rel=\"noopener noreferrer\">DPSG Weiden<\/a><\/p>\n<p><a href=\"http:\/\/pfadfinder-eschenbach.de\" target=\"_blank\" rel=\"noopener noreferrer\">DPSG Eschenbach<\/a><\/p>\n<p>&nbsp;<\/p>\n<h2 style=\"text-align: left;\">Sonstige, interessante Links:<\/h2>\n<h4 id=\"site-title\" style=\"text-align: center;\"><strong><a href=\"http:\/\/pfgm-we-nh.de\/\" target=\"_blank\" rel=\"noopener noreferrer\"><span style=\"color: #888888;\"><span style=\"color: #888888;\">Pfarreiengemeinschaft Windischeschenbach-Neuhaus<\/span><\/span><\/a><\/strong><\/h4>\n<p style=\"text-align: center;\"><img loading=\"lazy\" decoding=\"async\" class=\"aligncenter\" src=\"http:\/\/www.christophbeer.de\/data\/dpsg\/stamm_02\/wp-content\/uploads\/2013\/04\/LINK-Pfarrei-WE.jpg\" alt=\"LINK Pfarrei WE\" width=\"564\" height=\"119\" \/><\/p>\n<h4 style=\"text-align: center;\"><strong><a href=\"http:\/\/dpsg.de\/de\/startseite.html\" target=\"_blank\" rel=\"noopener noreferrer\">DPSG &#8211;\u00a0Deutsche Pfadfinderschaft Sankt Georg<\/a><\/strong><\/h4>\n<p style=\"text-align: center;\"><img loading=\"lazy\" decoding=\"async\" class=\"aligncenter\" src=\"http:\/\/www.christophbeer.de\/data\/dpsg\/stamm_02\/wp-content\/uploads\/2013\/04\/LINK-DPSG.gif\" alt=\"LINK DPSG\" width=\"218\" height=\"103\" \/><\/p>\n<h4 style=\"text-align: center;\"><strong><a href=\"http:\/\/www.pfadfinden-in-deutschland.de\/\" target=\"_blank\" rel=\"noopener noreferrer\">RDP &#8211;\u00a0Ring der Pfadfinderinnen- &amp; Pfadfinderverb\u00e4nde Bayern<\/a><\/strong><\/h4>\n<h2 style=\"text-align: center;\"><img loading=\"lazy\" decoding=\"async\" class=\"aligncenter\" src=\"http:\/\/www.christophbeer.de\/data\/dpsg\/stamm_02\/wp-content\/uploads\/2013\/04\/logo.gif\" alt=\"logo\" width=\"199\" height=\"80\" \/><\/h2>\n<p style=\"text-align: center;\"><em>Die Ringe deutscher Pfadfinderinnen- und Pfadfinderverb\u00e4nde vertreten die deutschen Pfadfinderinnen- und Pfadfinderverb\u00e4nde mit rund 220.000 Mitgliedern auf nationaler und internationaler Ebene. Mitglieder sind der Bund der Pfadfinderinnen und Pfadfinder (BdP), die Deutsche Pfadfinderschaft Sankt Georg (DPSG), die Pfadfinderinnenschaft Sankt Georg (PSG) und der Verband Christlicher Pfadfinderinnen und Pfadfinder (VCP).<\/em><\/p>\n<h4 style=\"text-align: center;\"><strong><a href=\"http:\/\/www.blackcastle.de\/cms\/\" target=\"_blank\" rel=\"noopener noreferrer\">Black Castle e. V.<\/a><\/strong><\/h4>\n<p style=\"text-align: center;\"><img loading=\"lazy\" decoding=\"async\" class=\"aligncenter\" src=\"http:\/\/www.christophbeer.de\/data\/dpsg\/stamm_02\/wp-content\/uploads\/2013\/04\/LINK-Black-Castle-e.-V..jpg\" alt=\"LINK Black Castle e. V.\" width=\"468\" height=\"234\" \/><\/p>\n<h4 style=\"text-align: center;\"><strong><a href=\"http:\/\/www.ruesthaus.de\/shop.html\" target=\"_blank\" rel=\"noopener noreferrer\">R\u00fcsthaus<\/a>\u00a0<\/strong><\/h4>\n<p style=\"text-align: center;\"><img loading=\"lazy\" decoding=\"async\" class=\"aligncenter\" src=\"http:\/\/www.christophbeer.de\/data\/dpsg\/stamm_02\/wp-content\/uploads\/2015\/01\/ruesthaus.de_.png\" alt=\"ruesthaus.de\" width=\"220\" height=\"43\" \/><\/p>\n<h4 style=\"text-align: center;\"><strong><a href=\"http:\/\/www.dpsgstiftung.de\/\" target=\"_blank\" rel=\"noopener noreferrer\">Stiftung Deutsche Pfadfinderschaft Sankt Georg\u00a0Di\u00f6zesanverband Regensburg<\/a><\/strong><\/h4>\n<p style=\"text-align: center;\"><img loading=\"lazy\" decoding=\"async\" class=\"aligncenter\" src=\"http:\/\/www.christophbeer.de\/data\/dpsg\/stamm_02\/wp-content\/uploads\/2013\/04\/LINK-DPSG-Stiftung.jpg\" alt=\"LINK DPSG Stiftung\" width=\"369\" height=\"170\" \/><\/p>\n<p style=\"text-align: center;\"><em>Der Satzungsauftrag der Stiftung DPSG im Di\u00f6zesanverband Regensburg besteht in der Unterst\u00fctzung der Jugendarbeit der DPSG.<\/em><\/p>\n<p style=\"text-align: center;\"><em>Wir f\u00f6rdern grunds\u00e4tzlich Projekte, die an die Interessen junger Menschen ankn\u00fcpfen und von ihnen mitbestimmt und mitgestaltet werden, sie zur Selbstbestimmung bef\u00e4higen und zu gesellschaftlicher Mitverantwortung sowie zu sozialem Engagement anregen.<\/em><\/p>\n<h4 style=\"text-align: center;\"><span style=\"color: #888888;\"><strong><a href=\"http:\/\/www.scout.org\/\" target=\"_blank\" rel=\"noopener noreferrer\"><span style=\"color: #888888;\">Scouts &#8211; Creating a Better World<\/span><\/a><\/strong><\/span><\/h4>\n<h2 style=\"text-align: center;\"><img loading=\"lazy\" decoding=\"async\" class=\"aligncenter\" src=\"http:\/\/www.christophbeer.de\/data\/dpsg\/stamm_02\/wp-content\/uploads\/2013\/04\/scout_logo-300x60.gif\" alt=\"scout_logo\" width=\"300\" height=\"60\" \/><\/h2>\n<h4 style=\"text-align: center;\"><a href=\"http:\/\/www.pinetreeweb.com\/home-german.htm\" target=\"_blank\" rel=\"noopener noreferrer\"><span style=\"color: #888888;\"><strong>The Pine Tree Web<\/strong><\/span><\/a><\/h4>\n<p style=\"text-align: center;\"><em><span style=\"font-family: Verdana; font-size: small;\">Diese Seite umfasst eine Auswahl von Links zu eigenen Seiten im &#8222;Pine Tree Web&#8220; und zu anderen Seiten mit Bezug zur Pfadfinderei. Der Schwerpunkt liegt auf speziellen Interessen an der Pfadfinderei, diese umfassen: F\u00fchrerausbildung, Erbe, Geschichte und Traditionen des Pfadfindertums und die internationale Pfadfinderbewegung, mit einer gewissen Betonung der Pfadfinderbewegung in Osteuropa und Russland.<\/span><\/em><\/p>\n<p style=\"text-align: center;\"><em><span style=\"font-family: Verdana; font-size: small;\">Auf den Seiten sind einige verschiedene Themen gesammelt. Der Titel des &#8222;Pine Tree Web&#8220; spiegelt die besondere Bedeutung eines Pfadfinderprojektes,\u00a0Pine Tree Camp, im Pfadfinderleben des Autors wieder.<\/span><\/em><\/p>\n<h2 style=\"text-align: center;\"><img loading=\"lazy\" decoding=\"async\" class=\"aligncenter\" src=\"http:\/\/www.christophbeer.de\/data\/dpsg\/stamm_02\/wp-content\/uploads\/2013\/04\/pine-home-128x150.gif\" alt=\"pine-home\" width=\"128\" height=\"150\" \/><\/h2>\n<h4 style=\"text-align: center;\"><a href=\"http:\/\/www.scout-o-wiki.de\/\" target=\"_blank\" rel=\"noopener noreferrer\"><span style=\"color: #888888;\"><strong>Scout-o-Wiki<\/strong><\/span><\/a><\/h4>\n<p style=\"text-align: center;\"><img loading=\"lazy\" decoding=\"async\" class=\"size-full wp-image-257 aligncenter\" src=\"http:\/\/www.christophbeer.de\/data\/dpsg\/stamm_02\/wp-content\/uploads\/2013\/04\/wiki.jpg\" alt=\"wiki\" width=\"184\" height=\"73\" \/><\/p>\n<p style=\"text-align: center;\"><em>Das Scout-o-Wiki ist eine Informationssammlung zum Thema\u00a0Pfadfinder, an der jeder mitwirken kann. Es soll kein Lexikon sein, sondern eher eine Sammlung von informativen Artikeln rund um Pfadfinder.<\/em><\/p>\n<h2 style=\"text-align: left;\"><\/h2>\n<h2 style=\"text-align: left;\">Bildschirmhintergr\u00fcnde:<\/h2>\n<p style=\"text-align: left;\"><a href=\"http:\/\/www.christophbeer.de\/data\/dpsg\/stamm_02\/wp-content\/uploads\/2013\/04\/higru_01-03_12801.jpg\"><img loading=\"lazy\" decoding=\"async\" class=\"alignnone size-thumbnail wp-image-271\" src=\"http:\/\/www.christophbeer.de\/data\/dpsg\/stamm_02\/wp-content\/uploads\/2013\/04\/higru_01-03_12801-150x150.jpg\" alt=\"higru_01-03_1280\" width=\"150\" height=\"150\" srcset=\"https:\/\/www.christophbeer.de\/data\/dpsg\/stamm_02\/wp-content\/uploads\/2013\/04\/higru_01-03_12801-150x150.jpg 150w, https:\/\/www.christophbeer.de\/data\/dpsg\/stamm_02\/wp-content\/uploads\/2013\/04\/higru_01-03_12801-100x100.jpg 100w\" sizes=\"auto, (max-width: 150px) 100vw, 150px\" \/><\/a>\u00a0\u00a0\u00a0\u00a0 <a href=\"http:\/\/www.christophbeer.de\/data\/dpsg\/stamm\/downloads\/higru_01-01_800.jpg\" target=\"_blank\" rel=\"noopener noreferrer\">800 x 600<\/a>\u00a0 |\u00a0 <a href=\"http:\/\/www.christophbeer.de\/data\/dpsg\/stamm\/downloads\/higru_01-02_1024.jpg\" target=\"_blank\" rel=\"noopener noreferrer\">1024 x 769<\/a>\u00a0\u00a0 |\u00a0 <a href=\"http:\/\/www.christophbeer.de\/data\/dpsg\/stamm\/downloads\/higru_01-03_1280.jpg\" target=\"_blank\" rel=\"noopener noreferrer\">1280 x 1024<\/a><\/p>\n<p style=\"text-align: left;\"><a href=\"http:\/\/www.christophbeer.de\/data\/dpsg\/stamm_02\/wp-content\/uploads\/2013\/04\/higru_02-03_12801.jpg\"><img loading=\"lazy\" decoding=\"async\" class=\"alignnone size-thumbnail wp-image-274\" src=\"http:\/\/www.christophbeer.de\/data\/dpsg\/stamm_02\/wp-content\/uploads\/2013\/04\/higru_02-03_12801-150x150.jpg\" alt=\"higru_02-03_1280\" width=\"150\" height=\"150\" srcset=\"https:\/\/www.christophbeer.de\/data\/dpsg\/stamm_02\/wp-content\/uploads\/2013\/04\/higru_02-03_12801-150x150.jpg 150w, https:\/\/www.christophbeer.de\/data\/dpsg\/stamm_02\/wp-content\/uploads\/2013\/04\/higru_02-03_12801-100x100.jpg 100w\" sizes=\"auto, (max-width: 150px) 100vw, 150px\" \/><\/a>\u00a0\u00a0\u00a0\u00a0 <a href=\"http:\/\/www.christophbeer.de\/data\/dpsg\/stamm\/downloads\/higru_02-01_800.jpg\" target=\"_blank\" rel=\"noopener noreferrer\">800 x 600<\/a>\u00a0 |\u00a0 <a href=\"http:\/\/www.christophbeer.de\/data\/dpsg\/stamm\/downloads\/higru_02-02_1024.jpg\" target=\"_blank\" rel=\"noopener noreferrer\">1024 x 769<\/a>\u00a0\u00a0 |\u00a0 <a href=\"http:\/\/www.christophbeer.de\/data\/dpsg\/stamm\/downloads\/higru_02-03_1280.jpg\" target=\"_blank\" rel=\"noopener noreferrer\">1280 x 1024<\/a><\/p>\n<p style=\"text-align: left;\"><a href=\"http:\/\/www.christophbeer.de\/data\/dpsg\/stamm_02\/wp-content\/uploads\/2013\/04\/higru_03-06_12801.jpg\"><img loading=\"lazy\" decoding=\"async\" class=\"alignnone size-thumbnail wp-image-280\" src=\"http:\/\/www.christophbeer.de\/data\/dpsg\/stamm_02\/wp-content\/uploads\/2013\/04\/higru_03-06_12801-150x150.jpg\" alt=\"higru_03-06_1280\" width=\"150\" height=\"150\" srcset=\"https:\/\/www.christophbeer.de\/data\/dpsg\/stamm_02\/wp-content\/uploads\/2013\/04\/higru_03-06_12801-150x150.jpg 150w, https:\/\/www.christophbeer.de\/data\/dpsg\/stamm_02\/wp-content\/uploads\/2013\/04\/higru_03-06_12801-100x100.jpg 100w\" sizes=\"auto, (max-width: 150px) 100vw, 150px\" \/><\/a>\u00a0\u00a0\u00a0\u00a0 <a href=\"http:\/\/www.christophbeer.de\/data\/dpsg\/stamm\/downloads\/higru_03-04_800.jpg\" target=\"_blank\" rel=\"noopener noreferrer\">800 x 600<\/a>\u00a0 |\u00a0 <a href=\"http:\/\/www.christophbeer.de\/data\/dpsg\/stamm\/downloads\/higru_03-05_1024.jpg\" target=\"_blank\" rel=\"noopener noreferrer\">1024 x 769<\/a>\u00a0\u00a0 |\u00a0 <a href=\"http:\/\/www.christophbeer.de\/data\/dpsg\/stamm\/downloads\/higru_03-06_1280.jpg\" target=\"_blank\" rel=\"noopener noreferrer\">1280 x 1024<\/a><\/p>\n<p style=\"text-align: left;\"><a href=\"http:\/\/www.christophbeer.de\/data\/dpsg\/stamm_02\/wp-content\/uploads\/2013\/04\/higru_03-03_12801.jpg\"><img loading=\"lazy\" decoding=\"async\" class=\"alignnone size-thumbnail wp-image-277\" src=\"http:\/\/www.christophbeer.de\/data\/dpsg\/stamm_02\/wp-content\/uploads\/2013\/04\/higru_03-03_12801-150x150.jpg\" alt=\"higru_03-03_1280\" width=\"150\" height=\"150\" srcset=\"https:\/\/www.christophbeer.de\/data\/dpsg\/stamm_02\/wp-content\/uploads\/2013\/04\/higru_03-03_12801-150x150.jpg 150w, https:\/\/www.christophbeer.de\/data\/dpsg\/stamm_02\/wp-content\/uploads\/2013\/04\/higru_03-03_12801-100x100.jpg 100w\" sizes=\"auto, (max-width: 150px) 100vw, 150px\" \/><\/a>\u00a0\u00a0\u00a0\u00a0 <a href=\"http:\/\/www.christophbeer.de\/data\/dpsg\/stamm\/downloads\/higru_03-01_800.jpg\" target=\"_blank\" rel=\"noopener noreferrer\">800 x 600<\/a>\u00a0 |\u00a0 <a href=\"http:\/\/www.christophbeer.de\/data\/dpsg\/stamm\/downloads\/higru_03-02_1024.jpg\" target=\"_blank\" rel=\"noopener noreferrer\">1024 x 769<\/a>\u00a0\u00a0 |\u00a0 <a href=\"http:\/\/www.christophbeer.de\/data\/dpsg\/stamm\/downloads\/higru_03-03_1280.jpg\" target=\"_blank\" rel=\"noopener noreferrer\">1280 x 1024<\/a><\/p>\n<p>&nbsp;<\/p>\n","protected":false},"excerpt":{"rendered":"<p>N\u00fctzliche Downloads: DER Lagerpackzettel\u00a0&#8211; Packliste f\u00fcr&#8217;s Zeltlager und wandelbar nat\u00fcrlich auch f\u00fcr&#8217;s H\u00fcttenwochenende Aufnahmeantrag Schnupperanmeldung Abzeichen und Kluft\u00a0&#8211; Was kommt wohin auf die Kluft? &nbsp; Unser Bezirk &#8211; einer von sechs im Di\u00f6zesanverband Regensburg\u00a0der DPSG: DPSG\u00a0Burgenbezirk Mit seinen St\u00e4mmen: DPSG Neuhaus DPSG Weiden DPSG Eschenbach &nbsp; Sonstige, interessante Links: Pfarreiengemeinschaft Windischeschenbach-Neuhaus DPSG &#8211;\u00a0Deutsche Pfadfinderschaft Sankt [&hellip;]<\/p>\n","protected":false},"author":2,"featured_media":0,"parent":0,"menu_order":0,"comment_status":"closed","ping_status":"closed","template":"","meta":{"footnotes":""},"class_list":["post-254","page","type-page","status-publish","hentry"],"_links":{"self":[{"href":"https:\/\/www.christophbeer.de\/data\/dpsg\/stamm_02\/wp-json\/wp\/v2\/pages\/254","targetHints":{"allow":["GET"]}}],"collection":[{"href":"https:\/\/www.christophbeer.de\/data\/dpsg\/stamm_02\/wp-json\/wp\/v2\/pages"}],"about":[{"href":"https:\/\/www.christophbeer.de\/data\/dpsg\/stamm_02\/wp-json\/wp\/v2\/types\/page"}],"author":[{"embeddable":true,"href":"https:\/\/www.christophbeer.de\/data\/dpsg\/stamm_02\/wp-json\/wp\/v2\/users\/2"}],"replies":[{"embeddable":true,"href":"https:\/\/www.christophbeer.de\/data\/dpsg\/stamm_02\/wp-json\/wp\/v2\/comments?post=254"}],"version-history":[{"count":14,"href":"https:\/\/www.christophbeer.de\/data\/dpsg\/stamm_02\/wp-json\/wp\/v2\/pages\/254\/revisions"}],"predecessor-version":[{"id":2457,"href":"https:\/\/www.christophbeer.de\/data\/dpsg\/stamm_02\/wp-json\/wp\/v2\/pages\/254\/revisions\/2457"}],"wp:attachment":[{"href":"https:\/\/www.christophbeer.de\/data\/dpsg\/stamm_02\/wp-json\/wp\/v2\/media?parent=254"}],"curies":[{"name":"wp","href":"https:\/\/api.w.org\/{rel}","templated":true}]}}